54509 and 3227?
3227
What is the greatest common divisor of 1214 and 11247710?
1214
What is the highest common divisor of 16 and 4128136?
8
Calculate the greatest common divisor of 71499029 and 14.
7
What is the highest common divisor of 24408 and 9414?
18
Calculate the highest common factor of 72 and 77876172.
36
Calculate the highest common factor of 3200 and 15006080.
640
What is the greatest common divisor of 1912 and 35736?
8
What is the greatest common factor of 600 and 10103?
1
Calculate the greatest common factor of 11524821 and 1155.
231
Calculate the highest common factor of 1416 and 2033553.
177
Calculate the greatest common divisor of 889982 and 45984.
958
What is the highest common divisor of 8571290 and 2340?
130
What is the highest common divisor of 389898 and 1677?
3
What is the greatest common factor of 396 and 9312534?
198
Calculate the highest common factor of 12100415 and 345.
115
What is the greatest common factor of 119556 and 47088?
108
Calculate the highest common divisor of 92890 and 52263895.
6635
Calculate the highest common divisor of 540200 and 1684840.
2920
What is the greatest common factor of 10371 and 1232143940?
3457
Calculate the greatest common factor of 1703 and 1385010731.
1703
What is the greatest common divisor of 565759045 and 1110?
185
Calculate the highest common divisor of 53129714 and 20207.
1837
What is the greatest common divisor of 398895 and 404115?
435
What is the greatest common divisor of 27855787 and 3354?
43
What is the highest common factor of 11582938 and 2806?
46
Calculate the highest common factor of 89475 and 83591124.
3579
What is the highest common factor of 252 and 84308?
28
What is the greatest common factor of 36 and 125967372?
12
Calculate the greatest common divisor of 1548 and 607968.
36
What is the greatest common factor of 6408 and 8163258?
534
What is the highest common factor of 379485777 and 6996?
1749
Calculate the greatest common factor of 479 and 6733.
1
Calculate the greatest common factor of 14773032 and 5168.
152
What is the highest common divisor of 55614 and 995007?
1209
What is the greatest common divisor of 138 and 211556461?
23
What is the greatest common factor of 490 and 366667735?
245
Calculate the greatest common divisor of 12918095 and 355.
355
What is the highest common divisor of 244388 and 95928?
2284
What is the greatest common divisor of 4995 and 617521860?
4995
What is the greatest common factor of 1747275 and 3525?
75
What is the greatest common factor of 18425 and 2299775?
1675
What is the greatest common factor of 6061 and 1149844432?
6061
Calculate the greatest common divisor of 50 and 357946850.
50
What is the greatest common divisor of 168 and 101355387?
21
What is the highest common factor of 787584 and 822912?
384
What is the greatest common factor of 417 and 70722783?
417
What is the greatest common divisor of 4381 and 1915845?
337
What is the greatest common factor of 27 and 1469739?
3
What is the greatest common factor of 2355 and 17016288?
471
What is the highest common divisor of 661456 and 3056?
16
What is the greatest common divisor of 2928 and 1024068?
732
What is the greatest common factor of 22756904 and 976?
488
Calculate the highest common divisor of 34703167 and 124.
31
Calculate the greatest common divisor of 525662 and 3545404.
866
What is the greatest common factor of 75623 and 2139440?
47
What is the highest common divisor of 32865 and 451305?
15
What is the highest common factor of 2973606 and 1020?
102
What is the greatest common factor of 3863484 and 34362?
1494
Calculate the highest common factor of 2119152 and 705642.
2226
What is the greatest common divisor of 2064 and 66077904?
48
What is the highest common factor of 7330 and 957298?
1466
Calculate the greatest common factor of 9641 and 196.
1
What is the greatest common divisor of 74601 and 72414?
243
Calculate the highest common divisor of 149844 and 2058.
6
Calculate the greatest common factor of 374334 and 2592.
6
What is the highest common factor of 17050 and 94178?
62
Calculate the highest common factor of 402 and 934896.
6
What is the greatest common factor of 24750 and 58750?
250
Calculate the highest common factor of 26946 and 45816.
6
Calculate the highest common divisor of 237214 and 14908757.
1429
What is the greatest common factor of 1174247942 and 1106?
1106
Calculate the highest common divisor of 66632335 and 35.
35
What is the highest common divisor of 168 and 640608?
24
What is the highest common factor of 83160 and 153048?
168
Calculate the highest common divisor of 462184 and 16.
8
What is the highest common divisor of 581 and 345055319?
581
Calculate the greatest common factor of 9158739 and 13554.
753
Calculate the greatest common factor of 73346 and 760368.
434
Calculate the highest common factor of 25331 and 61393.
73
Calculate the highest common factor of 5498038 and 9282.
3094
Calculate the greatest common divisor of 90279 and 927.
9
Calculate the greatest common divisor of 24 and 1344885.
3
What is the greatest common divisor of 135564 and 26662974?
6162
What is the greatest common divisor of 2085 and 4205445?
2085
What is the greatest common factor of 12128 and 152288?
32
What is the greatest common divisor of 7161 and 213466?
341
Calculate the highest common divisor of 2243 and 6163.
1
Calculate the greatest common divisor of 44717 and 143851.
97
Calculate the highest common factor of 2926 and 7484422.
22
What is the highest common divisor of 172480 and 53680?
880
What is the highest common factor of 2848 and 623392?
32
Calculate the greatest common divisor of 48 and 147551824.
16
What is the highest common divisor of 1417164 and 56?
28
What is the highest common factor of 285 and 8809692?
57
Calculate the highest common divisor of 115 and 115951556.
23
Calculate the highest common factor of 1600 and 13227072.
64
Calculate the highest common factor of 124845777 and 1323.
441
What is the highest common factor of 70473 and 6159?
3
Calculate the greatest common factor of 24 and 84709264.
8
What is the highest common factor of 185310 and 154512?
522
Calculate the highest common divisor of 15264 and 2333376.
288
What is the greatest common factor of 6972 and 5508046?
166
What is the highest common divisor of 11286706 and 3453?
1151
Calculate the highest common factor of 495228349 and 79816.
9977
Calculate the greatest common divisor of 127540 and 1589420.
140
Calculate the greatest common divisor of 954531 and 54.
27
What is the highest common divisor of 438 and 10071?
3
Calculate the greatest common factor of 110636 and 3196.
68
Calculate the greatest common divisor of 9993996 and 2997.
999
Calculate the highest common factor of 608 and 1269884.
76
Calculate the highest common factor of 3210 and 16516734.
642
Calculate the highest common divisor of 64 and 12060784.
16
What is the greatest common factor of 70281948 and 660?
132
What is the greatest common divisor of 3696 and 1536656?
176
Calculate the greatest common divisor of 1760 and 27900.
20
Calculate the greatest common factor of 24 and 472520172.
12
What is the highest common divisor of 4182591 and 2307?
2307
What is the greatest common factor of 40122592 and 128?
32
Calculate the greatest common factor of 878847 and 657.
219
What is the greatest common divisor of 10702806 and 192?
6
What is the greatest common factor of 32224 and 8943008?
1696
Calculate the greatest common divisor of 8537651 and 1.
1
What is the highest common divisor of 17 and 25843876?
17
What is the highest common divisor of 362544 and 13661634?
3486
Calculate the highest common factor of 10707 and 1097841.
249
What is the greatest common factor of 129605 and 1715?
245
What is the highest common factor of 129549 and 6008730?
651
What is the highest common factor of 4323219 and 187357?
1751
What is the highest common divisor of 36300 and 69073620?
660
Calculate the highest common divisor of 1649908570 and 2495.
2495
What is the greatest common divisor of 3408 and 42470496?
3408
Calculate the highest common factor of 22169344 and 6144.
256
What is the greatest common divisor of 7 and 4268327?
7
Calculate the highest common factor of 1005 and 872809.
67
What is the greatest common divisor of 6790 and 1845?
5
What is t